 3*v**2 + 25*v - 17. Let b be u(-12). Suppose 5*f = 16*k - 13*k + b, 3*f + 2*k = 69. Calculate the highest common factor of f and 69.
23
Let k be (-207050)/(-575) - (-5)/460*-8. Calculate the highest common divisor of k and 1845.
45
Let i = -963 + 4605. Calculate the highest common divisor of 6 and i.
6
Suppose 70*i - 29*i = 492. Let b(s) = s**3 + 4*s**2 + s - 3. Let q be b(-3). Calculate the greatest common factor of q and i.
3
Suppose 0 = -5*m - 16 + 6. Let c be (m + 15/6)*12. Suppose 17*q = 16*q + c. Calculate the greatest common divisor of q and 24.
6
Let j(k) = 97*k**2 + 589*k + 60. Let p be j(-6). Let b be 3*-1*324/(-2). Calculate the highest common factor of b and p.
18
Let n(m) = -1090*m + 89 - 1093*m + 2188*m. Let t be n(-15). What is the greatest common divisor of 259 and t?
7
Suppose 4*f - 5 = 3, 5*f = 5*x + 145. Let z be x*(7 - (-320)/(-12)). Calculate the greatest common divisor of z and 59.
59
Suppose -356*b - 15807 = -82379. Calculate the greatest common factor of 255 and b.
17
Let r be 24/7 - 4/(-7). Suppose -4*q - 142 = 4*x + 110, r*q + 2*x + 260 = 0. Let m = q + 109. What is the highest common factor of m and 6?
6
Suppose 0 = -u - 10*f + 7*f + 1556, -3*u = 6*f - 4659. What is the highest common factor of 455 and u?
91
Let r(y) = 308 + 0*y - y - 306. Let a be 40/2*(-12)/16. Let k be r(a). Calculate the highest common factor of 153 and k.
17
Let s = -35 - -38. Let w(t) = 127*t**2 + s - 4 - 32*t**2 + 0*t + 5*t. Let r be w(1). What is the highest common divisor of r and 11?
11
Let r = -3373 + 3403. What is the highest common divisor of 370 and r?
10
Suppose -p + 2*i = -36, 164 + 34 = 5*p - i. Let a(h) = 146*h + 61. Let l be a(-3). Let c = -367 - l. Calculate the greatest common factor of c and p.
10
Let m = 3906 - 3627. Calculate the greatest common divisor of m and 155.
31
Suppose 4*z = -24, 228*u - 13832 = 226*u - 5*z. Calculate the greatest common divisor of 58 and u.
29
Suppose 4*v + 2 = 6. Let u be v/(786/312 + (-20)/8). What is the greatest common factor of u and 208?
52
Suppose -2*w = -w + 43. Let k = -34 - w. Let g be ((-18)/3)/(-1*(-2)/(-3)). What is the highest common factor of k and g?
9
Suppose -f + 103 = c - 4, -4*c + 4*f = -452. What is the highest common divisor of c and 50?
10
Suppose -3*l - 7*i + 15 = -4*i, -3*i - 9 = -3*l. Suppose -l*c + 6*c + 3*p = 32, 22 = c + 3*p. Calculate the highest common divisor of c and 5.
5
Suppose -13*l + 16*l = 15. Suppose l*y = 3 + 47. Suppose -3 = -y*z + 7. Calculate the greatest common divisor of 2 and z.
1
Let y = 1048 + -1045. Calculate the greatest common factor of y and 41.
1
Let j be (-6 + 2 - -2)/((-706)/204034). Calculate the highest common divisor of 170 and j.
34
Suppose 2807*w - 2813*w = -1584. What is the greatest common factor of 384 and w?
24
Let x(g) = 2*g**3 - 8*g**2 - 20*g - 7. Let k be x(6). What is the greatest common divisor of 4964 and k?
17
Let c(p) = p**3 + 35*p**2 - 150*p - 166. Let i be c(-27). Calculate the greatest common divisor of 28 and i.
28
Let m = 56885 - 56878. Let i be 1 - -1 - (0 - 0). Suppose 0 = 2*y - i. What is the greatest common factor of m and y?
1
Let h = -3 + 16. Let p(d) = d**3 - 10*d**2 + 3*d - 13. Let y be p(10). Suppose -y*z + 1091 = -898. What is the highest common divisor of z and h?
13
Suppose -140*b = -211*b + 39760. Calculate the greatest common divisor of b and 28.
28
Let f = 346 + -177. Suppose -3*d + 16 - f = 0. Let p be 8/(24/(-9)) - d. Calculate the greatest common divisor of 32 and p.
16
Let h(c) = 28*c**2 - 1259*c - 15. Let s be h(45). Calculate the greatest common divisor of s and 6.
6
Let l(t) = 4*t**2 + 66*t + 35. Let m be l(-16). Suppose -5*z = 2*d - 3520, -2126 = -m*z - 8*d + 4*d. What is the highest common divisor of z and 26?
26
Suppose -2*o - 135 = 99. Let u be (154/(-11))/(2/o). What is the greatest common factor of u and 9?
9
Let o = 217 + -199. Let m(z) = 4*z + 19. Let q be m(o). What is the greatest common factor of 7 and q?
7
Let c = 45 - 32. Let t(n) = -4*n + 148. Let o be (-284)/(-24) + 15/(-18). Let x be t(o). Calculate the greatest common divisor of c and x.
13
Suppose 14*t + 63 = 2*g + 13*t, -31*g = -2*t - 963. What is the greatest common factor of g and 10819?
31
Let b(a) = a**3 + 7*a**2 - 5*a - 10. Let g be b(-8). Let z = 90 + g. Let q(c) = -6*c - 74. Let j be q(-17). What is the greatest common factor of z and j?
28
Let a = -38 + 34. Let i be -2*(64/12 - a/6). Let j be -85*(i/(-10) + -3). Calculate the highest common divisor of j and 17.
17
Let k(g) = 38*g - 30*g - 38 - 29 + 10. Let w(a) = 24*a - 171. Let u(r) = -8*k(r) + 3*w(r). Let y be u(9). What is the highest common factor of y and 105?
15
Let i = 24 + -8. Suppose -254*q + 6260 = 59*q. Calculate the highest common factor of q and i.
4
Let i(g) = -g**3 - 6*g**2 - 5*g - 64. Let l be i(-7). What is the highest common divisor of 345 and l?
5
Let i = 36 + -11. Suppose -2*w = -7*w + i. Suppose 25 = w*u, -425 = -0*z - 3*z - u. What is the greatest common divisor of 20 and z?
20
Suppose 92 = p - 18. Let a be 19380/p + (-4)/22. Calculate the greatest common divisor of 22 and a.
22
Suppose -24*g + 145490 + 181626 + 72484 = 0. Calculate the highest common factor of 75 and g.
75
Let n = 39 - 41. Let d be 210/66 - n/(-11). Suppose 0 = -d*s + 38 + 70. What is the highest common factor of 54 and s?
18
Suppose 11*c = 3*c + 280. Suppose 0 = 21*z + 13*z - 3458 + 58. Calculate the highest common divisor of z and c.
5
Suppose 34 = 2*q - 2*u, 3*q - 38 = -3*u - 17. Suppose q*h = 4*h + 224. Calculate the greatest common factor of h and 64.
4
Let h be (21/5)/(2 + (-402)/200). Let n be (1 - 38/3)*h/98. What is the greatest common factor of n and 10?
10
Let j(v) = v**2 - 110*v + 3053. Let u be j(59). Let h be ((-231)/11)/(6/(-44)). What is the highest common factor of h and u?
22
Let z(v) = 5*v**3 - 4*v**2 + 5*v - 4. Let r be z(3). Let k be 5/(-2)*18/5. Let a be (15/k)/((-5)/66). Calculate the greatest common divisor of a and r.
22
Suppose -4*y = -4, -15*q + 13*q + 130 = 2*y. What is the greatest common divisor of 240 and q?
16
Let r(m) = 354*m + 3. Let k(u) = -u**3 - 4*u**2 + 11*u - 5. Let s be k(-6). Let q be r(s). Calculate the highest common factor of 17 and q.
17
Suppose 71*c + 1000 = 2*d + 68*c, 0 = 5*d + 3*c - 2500. Calculate the highest common factor of 140 and d.
20
Suppose -6*z + 807 = -1815. Let b = z + -410. What is the highest common divisor of b and 9?
9
Let i be 25 + (-12 - (6 + (2 - 16))). What is the greatest common factor of 579 and i?
3
Suppose -32*v + 27*v - 20 = 0, 2*f + 5*v = 486. Calculate the greatest common divisor of f and 341.
11
Let n(u) = 8*u - 44. Let v(p) = 1. Let o(d) = 3*n(d) + 24*v(d). Let y be o(8). Calculate the greatest common divisor of 48 and y.
12
Let r(a) = -a**3 + 86*a**2 - 612*a - 15. Let o be r(78). What is the greatest common factor of o and 3?
3
Suppose -110 = -335*h + 326*h - 2. What is the highest common divisor of h and 128?
4
Let t be 14/((-2)/(8/4)). Let f be 1516/18 + t/63. Suppose -3*y + f = -0*y. Calculate the highest common factor of 42 and y.
14
Let a be (-4)/10 + -2*1041/(-5). Suppose y + 17 = -3*p + 109, -2*p + 80 = -4*y. Calculate the highest common factor of p and a.
32
Suppose 4*t - 48 = 888. Let o(g) = -17*g**2 + 3881*g - 1062. Let c be o(228). What is the greatest common divisor of t and c?
78
Suppose -12 = -4*h + 28. Let d(w) = -10*w + 67. Let c be d(7). Let p be (c/(-2))/((-6)/(-8)) + 2. Calculate the highest common factor of h and p.
2
Let o be (47 + 9)*(1 + (-38)/(-2)). What is the greatest common divisor of 784 and o?
112
Let r = 26037 - 26036. Calculate the greatest common factor of 37 and r.
1
Let l(q) = -107*q - 35. Let y be l(-10). Suppose -10*x = -x - y. Let z = x + -99. What is the highest common divisor of 24 and z?
8
Suppose 5*i - 9301 = -2*g + 3809, 3*i = -5*g + 7866. What is the highest common factor of 114 and i?
114
Let d(w) = 18*w**2 - 2*w + 3. Let c be d(1). Suppose c*p = 24*p - 10, 0 = -4*l - 3*p + 906. What is the highest common divisor of 45 and l?
45
Suppose 6*n = -2*y + 397342, 18*n = 23*n - y - 331129. Calculate the greatest common divisor of 75 and n.
75
Suppose 0 = -1245*y + 1258*y - 3978. What is the highest common divisor of 391 and y?
17
Suppose 5*t + 2*k = 5368, 0 = 2*t - 12*